{"id":168,"date":"2024-03-06T10:26:03","date_gmt":"2024-03-06T09:26:03","guid":{"rendered":"https:\/\/www.amicale-pompiers-anglet.org\/?post_type=product&#038;p=168"},"modified":"2026-01-02T10:38:55","modified_gmt":"2026-01-02T09:38:55","slug":"vehicule-crafter","status":"publish","type":"product","link":"https:\/\/www.amicale-pompiers-anglet.org\/?product=vehicule-crafter","title":{"rendered":"V\u00e9hicule (CRAFTER)"},"content":{"rendered":"<h2><strong>PROCEDURE<\/strong><\/h2>\n<h4><strong>Chers amicalistes,<br \/>\n<\/strong><br \/>\n<strong>1) Prendre des photos en ayant avanc\u00e9 le v\u00e9hicule au pr\u00e9alable :<\/strong><\/h4>\n<p><strong>&#8211; Avant \/ Arri\u00e8re \/ Toit<\/strong><br \/>\n<strong>&#8211; C\u00f4t\u00e9s Gauche et Droit de pr\u00e8s et de loin<\/strong><br \/>\n<strong>&#8211; Int\u00e9rieur v\u00e9hicule (avant et arri\u00e8re)<\/strong><br \/>\n<strong>&#8211; Compteur niveaux de Carburant \/ Kilom\u00e9trage \/ Heure.<\/strong><\/p>\n<h4><strong>2) Envoyer les photos avant le d\u00e9part du v\u00e9hicule sur la boite de messagerie de l\u2019amicale <\/strong><\/h4>\n<p><strong>\u00ab amicalespanglet@gmail.com \u00bb o\u00f9 elles seront stock\u00e9es (sans incident ou anomalie d\u00e9clar\u00e9s, elles seront d\u00e9truites).<br \/>\nVous pouvez \u00e9galement envoyer des commentaires sur des anomalies constat\u00e9es lors de la prise en compte.<\/strong><\/p>\n<h4><strong>3) Envoyer les photos au retour au centre sur la boite de messagerie de l\u2019amicale <\/strong><\/h4>\n<p><strong>\u00ab amicalespanglet@gmail.com \u00bb, une photo de l\u2019\u00e9cran de la pompe \u00e0 GASOIL de la station-service du LECLERC Anglet. Plus besoin du ticket !<\/strong> <strong>Et une photo du compteur du CRAFTER. Heure et kilom\u00e9trage en \u00e9vidence.<\/strong><\/p>\n<h4><strong>4) Garer le v\u00e9hicule sur le parking Caserne\/ CRS \u00e0 l\u2019emplacement pr\u00e9vu (place mat\u00e9rialis\u00e9e coll\u00e9e au grillage caserne)<\/strong><\/h4>\n<h4><strong>5) Tout manquement \u00e0 ce nouveau mode de fonctionnement (absence de photos envoy\u00e9es) engagera la responsabilit\u00e9 de l\u2019amicaliste si un incident et\/ou un choc non d\u00e9clar\u00e9 est constat\u00e9 en amont.<\/strong><\/h4>\n<p>&nbsp;<\/p>\n<h4><strong><u>CHARTE ET REGLES D\u2019UTILISATION DU<\/u><\/strong> <strong><u>VEHICULE DE L\u2019AMICALE<\/u><\/strong><\/h4>\n<p><strong><br \/>\n<\/strong> <strong>&#8211; RESPECTER LA DUREE DE LOCATION PLANNIFIEE AVEC LE BUREAU.<\/strong><strong>\u00a0\u00a0\u00a0 <\/strong><strong>(Tout d\u00e9passement devra \u00eatre signal\u00e9 imm\u00e9diatement et sera du)<\/strong><strong><em>.<\/em><\/strong><\/p>\n<p>&#8211; IL SERA DEMANDE UN CHEQUE DE CAUTION EQUIVALENT AU MONTANT DE LA FRANCHISE APPLIQUEE PAR L\u2019ASSUREUR SOIT\u00a0;\u00a0\u00a0\u00a0 <strong>405\u20ac<\/strong> <strong>\u00a0\u00a0<\/strong><strong>(Ce ch\u00e8que de caution fera parti du dossier pr\u00e9alablement constitu\u00e9 et servira au remboursement des frais de dommage ou sinistre)<\/strong><strong>.<\/strong><\/p>\n<p><strong>&#8211;\u00a0 UNE PARTICIPATION FINANCIERE EST DEMANDEE A L\u2019AMICALISTE POUR L\u2019EMPRUNT DU VEHICULE.<br \/>\n<\/strong><br \/>\n<strong>&#8211;\u00a0 CETTE INDEMNITE SERA REGLEE SYSTEMATIQUEMENT AU MOMENT DE LA RESERVATION.<br \/>\n<\/strong><br \/>\n<strong>&#8211; LA DESTINATION et L\u2019OBJET DU DEPLACEMENT SERONT DEMANDES et NOTIFIES LORS DE LA RESERVATION.<br \/>\n<\/strong><br \/>\n<strong>&#8211;\u00a0 CETTE RESERVATION NE SERA VALIDEE QUE SI LE PAIEMENT EST EFFECTUE (Sous peine d\u2019annulation)<\/strong><strong>.<br \/>\n<\/strong><br \/>\n<strong>&#8211; CE PAIEMENT NE SERA RESTITUE QUE SI L\u2019ANNULATION EST FAITE AU MOINS LA VEILLE DU JOUR DE L\u2019EMPRUNT.<\/strong><\/p>\n<p><strong>&#8211; AFIN DE PERMETTRE A TOUS LES AMICALISTES DE POUVOIR BENEFICIER et UTILISER CE VEHICULE, L\u2019EMPRUNT POUR UNE DUREE SUPERIEURE A 48 HEURES NE SERA PAS AUTORISE (Sauf pour les manifestations \u00e0 caract\u00e8re amicaliste).<br \/>\n<\/strong><br \/>\n<strong>&#8211;\u00a0 SEUL L\u2019AMICALISTE EST AUTORISE A CONDUIRE CE VEHICULE et SOUS RESERVE DU DOSSIER COMPLET (Ch\u00e8que de caution, Photocopie du permis de conduire, Charte remplie et sign\u00e9e).<\/strong><\/p>\n<p><strong>&#8211; LORS DE LA PRISE EN CHARGE et LORS DE LA RESTITUTION DU VEHICULE, LE CARNET DE SUIVI DOIT \u00caTRE CORRECTEMENT REMPLI POUR CONTROLE, PAR UN AMICALISTE\u00a0\u00a0 et\u00a0 EN PRESENCE DE L\u2019UTILISATEUR.<\/strong><\/p>\n<p><strong>&#8211; LE VEHICULE DEVRA ETRE RESTITUE DANS LE MEME ETAT DE PROPRETE QU\u2019A SON DEPART AVEC LE PLEIN DE CARBURANT EFFECTUE (M\u00eame pour quelques litres et dans la station la plus proche du C.S.P.). LE RECU DE LA STATION SERVICE et LES CLEFS SERONT DEPOSES DANS LA POCHETTE et REMIS\u00a0A L\u2019AMICALISTE RESPONSABLE DU CONTROLE LORS DU RETOUR.<\/strong><\/p>\n<p><strong>&#8211; LES INFRACTIONS AU CODE DE LA ROUTE ENGENDRANT DES CONTRAVENTIONS SERONT DUES PAR LES AMICALISTES AYANT RESERVE LE VEHICULE.<\/strong><\/p>\n<p><strong>&#8211;\u00a0 EN CAS DE FORTE DEMANDE UN TOUR DE ROLE SERA INSTAURE.<\/strong><\/p>\n<p><strong>&#8211; TOUT MANQUEMENT A L\u2019UNE DE CES REGLES FERA L\u2019OBJET D\u2019UN RAPPORT PRESENTE AU MEMBRES DU CONSEIL D\u2019ADMINISTRATION POUR REFLEXION et PRISE DE DECISION OU DE SANCTION<\/strong><\/p>\n<h4><\/h4>\n","protected":false},"excerpt":{"rendered":"<p><strong>Dimensions utiles : L3 H3 11m3<\/strong><\/p>\n<p><strong>HAUTEUR\u00a0:<\/strong> <strong>260 CM<\/strong><\/p>\n<p><strong>LONGUEUR\u00a0: 590 CM<\/strong><\/p>\n<p><strong>LARGEUR\u00a0: 204 CM<\/strong><\/p>\n<p>Longueur sol caisse arri\u00e8re : <strong>328 cm<\/strong><\/p>\n<p>Longueur max sol au niveau de la niche centrale (80cm de large sur 20 cm de hauteur environ) : <strong>345 cm<\/strong><\/p>\n<p>Largeur sol caisse arri\u00e8re avec passage de roues : <strong>134 cm<\/strong><\/p>\n<p>Largeur au-dessus des passages de roues : <strong>176 cm<\/strong><\/p>\n<p><strong>\u00a0<\/strong>Hauteur plancher porte arri\u00e8re : <strong>183cm<\/strong><\/p>\n<p>Hauteur plancher plafond : <strong>186cm<\/strong><\/p>\n<p>Longueur maximale diagonale bas porte arri\u00e8re haut paroi avant de la caisse utile : <strong>380cm<\/strong><\/p>\n","protected":false},"featured_media":225,"template":"","meta":{"_et_pb_use_builder":"off","_et_pb_old_content":"<h2><strong>PROCEDURE<\/strong><\/h2>\r\n<h4><strong>Chers amicalistes,<\/strong>\r\n<strong>1) Prendre des photos en ayant avanc\u00e9 le v\u00e9hicule au pr\u00e9alable :<\/strong>\r\n<strong>-Avant \/ Arri\u00e8re \/ Toit<\/strong>\r\n<strong>-C\u00f4t\u00e9s Gauche et Droit de pr\u00e8s et de loin<\/strong>\r\n<strong>-Int\u00e9rieur v\u00e9hicule (avant et arri\u00e8re)<\/strong>\r\n<strong>-Compteur niveaux de Carburant \/ Kilom\u00e9trage \/ Heure.<\/strong><\/h4>\r\n<h4><strong>2) Envoyer les photos avant le d\u00e9part du v\u00e9hicule sur la boite de messagerie de l\u2019amicale \u00ab amicalespanglet@gmail.com \u00bb o\u00f9 elles seront stock\u00e9es (sans incident ou anomalie d\u00e9clar\u00e9s, elles seront d\u00e9truites). Vous pouvez \u00e9galement envoyer des commentaires sur des anomalies constat\u00e9es lors de la prise en compte.<\/strong><\/h4>\r\n<h4><strong>3) Envoyer les photos au retour au centre sur la boite de messagerie de l\u2019amicale \u00ab amicalespanglet@gmail.com \u00bb, une photo de l\u2019\u00e9cran de la pompe \u00e0 GASOIL de la station-service du LECLERC Anglet. Plus besoin du ticket !<\/strong>\r\n<strong>Et une photo du compteur du CRAFTER. Heure et kilom\u00e9trage en \u00e9vidence.<\/strong><\/h4>\r\n<h4><strong>4) Garer le v\u00e9hicule sur le parking Caserne\/ CRS \u00e0 l\u2019emplacement pr\u00e9vu (place mat\u00e9rialis\u00e9e coll\u00e9e au grillage caserne)<\/strong><\/h4>\r\n<h4><strong>5) Tout manquement \u00e0 ce nouveau mode de fonctionnement (absence de photos envoy\u00e9es) engagera la responsabilit\u00e9 de l\u2019amicaliste si un incident et\/ou un choc non d\u00e9clar\u00e9 est constat\u00e9 en amont.<\/strong><\/h4>\r\n\u00a0\r\n\r\n<strong><u>CHARTE ET REGLES D\u2019UTILISATION DU<\/u><\/strong>\r\n\r\n<strong><u>VEHICULE DE L\u2019AMICALE<\/u><\/strong>\r\n\r\n<strong>\u00a0\u00a0\u00a0\u00a0\u00a0\u00a0\u00a0\u00a0\u00a0\u00a0\u00a0\u00a0\u00a0\u00a0\u00a0\u00a0\u00a0\u00a0\u00a0\u00a0\u00a0\u00a0\u00a0\u00a0\u00a0\u00a0\u00a0\u00a0\u00a0\u00a0\u00a0\u00a0\u00a0\u00a0\u00a0\u00a0\u00a0\u00a0\u00a0\u00a0\u00a0\u00a0\u00a0\u00a0\u00a0\u00a0\u00a0\u00a0\u00a0\u00a0\u00a0\u00a0\u00a0\u00a0 <\/strong>\r\n\r\n<strong>- RESPECTER LA DUREE DE LOCATION PLANNIFIEE AVEC LE BUREAU.<\/strong><strong>\u00a0\u00a0\u00a0 <\/strong><strong>(Tout d\u00e9passement devra \u00eatre signal\u00e9 imm\u00e9diatement et sera du)<\/strong><strong><em>.<\/em><\/strong>\r\n\r\n<strong>\u00a0 - IL SERA DEMANDE UN CHEQUE DE CAUTION EQUIVALENT AU MONTANT DE LA FRANCHISE APPLIQUEE PAR L\u2019ASSUREUR SOIT\u00a0;\u00a0\u00a0\u00a0 <\/strong><strong>405\u20ac<\/strong> <strong>\u00a0\u00a0<\/strong><strong>(Ce ch\u00e8que de caution fera parti du dossier pr\u00e9alablement constitu\u00e9 et servira au remboursement des frais de dommage ou sinistre)<\/strong><strong>.<\/strong>\r\n\r\n<strong>-\u00a0 UNE PARTICIPATION FINANCIERE EST DEMANDEE A L\u2019AMICALISTE POUR L\u2019EMPRUNT DU VEHICULE.<\/strong>\r\n\r\n<strong>-\u00a0 CETTE INDEMNITE SERA REGLEE SYSTEMATIQUEMENT AU MOMENT DE LA RESERVATION.<\/strong>\r\n\r\n<strong>- LA DESTINATION et L\u2019OBJET DU DEPLACEMENT SERONT DEMANDES et NOTIFIES LORS DE LA RESERVATION.<\/strong>\r\n\r\n<strong>-\u00a0 CETTE RESERVATION NE SERA VALIDEE QUE SI LE PAIEMENT EST EFFECTUE (Sous peine d\u2019annulation)<\/strong><strong>.<\/strong>\r\n\r\n<strong>- CE PAIEMENT NE SERA RESTITUE QUE SI L\u2019ANNULATION EST FAITE AU MOINS LA VEILLE DU JOUR DE L\u2019EMPRUNT.<\/strong>\r\n\r\n<strong>- AFIN DE PERMETTRE A TOUS LES AMICALISTES DE POUVOIR BENEFICIER et UTILISER CE VEHICULE, L\u2019EMPRUNT POUR UNE DUREE SUPERIEURE A 48 HEURES NE SERA PAS AUTORISE (Sauf pour les manifestations \u00e0 caract\u00e8re amicaliste).<\/strong>\r\n\r\n<strong>-\u00a0 SEUL L\u2019AMICALISTE EST AUTORISE A CONDUIRE CE VEHICULE et SOUS RESERVE DU DOSSIER COMPLET (Ch\u00e8que de caution, Photocopie du permis de conduire, Charte remplie et sign\u00e9e).<\/strong>\r\n\r\n<strong>- LORS DE LA PRISE EN CHARGE et LORS DE LA RESTITUTION DU VEHICULE, LE CARNET DE SUIVI DOIT \u00caTRE CORRECTEMENT REMPLI POUR CONTROLE, PAR UN AMICALISTE\u00a0\u00a0 et\u00a0 EN PRESENCE DE L\u2019UTILISATEUR.\u00a0\u00a0\u00a0 <\/strong>\r\n\r\n<strong>- LE VEHICULE DEVRA ETRE RESTITUE DANS LE MEME ETAT DE PROPRETE QU\u2019A SON DEPART AVEC LE PLEIN DE CARBURANT EFFECTUE (M\u00eame pour quelques litres et dans la station la plus proche du C.S.P.). LE RECU DE LA STATION SERVICE et LES CLEFS SERONT DEPOSES DANS LA POCHETTE et REMIS\u00a0A L\u2019AMICALISTE RESPONSABLE DU CONTROLE LORS DU RETOUR.<\/strong>\r\n\r\n<strong>- LES INFRACTIONS AU CODE DE LA ROUTE ENGENDRANT DES CONTRAVENTIONS SERONT DUES PAR LES AMICALISTES AYANT RESERVE LE VEHICULE.<\/strong>\r\n\r\n<strong>-\u00a0 EN CAS DE FORTE DEMANDE UN TOUR DE ROLE SERA INSTAURE.<\/strong>\r\n\r\n<strong>- TOUT MANQUEMENT A L\u2019UNE DE CES REGLES FERA L\u2019OBJET D\u2019UN RAPPORT PRESENTE AU MEMBRES DU CONSEIL D\u2019ADMINISTRATION POUR REFLEXION et PRISE DE DECISION OU DE SANCTION<\/strong>\r\n\r\n\u00a0\r\n<h4><\/h4>","_et_gb_content_width":""},"product_brand":[],"product_cat":[19],"product_tag":[],"class_list":{"0":"post-168","1":"product","2":"type-product","3":"status-publish","4":"has-post-thumbnail","6":"product_cat-adherent","8":"first","9":"instock","10":"virtual","11":"purchasable","12":"product-type-redq_rental"},"exclude_global_add_ons":[],"addons":[],"_links":{"self":[{"href":"https:\/\/www.amicale-pompiers-anglet.org\/index.php?rest_route=\/wp\/v2\/product\/168","targetHints":{"allow":["GET"]}}],"collection":[{"href":"https:\/\/www.amicale-pompiers-anglet.org\/index.php?rest_route=\/wp\/v2\/product"}],"about":[{"href":"https:\/\/www.amicale-pompiers-anglet.org\/index.php?rest_route=\/wp\/v2\/types\/product"}],"wp:featuredmedia":[{"embeddable":true,"href":"https:\/\/www.amicale-pompiers-anglet.org\/index.php?rest_route=\/wp\/v2\/media\/225"}],"wp:attachment":[{"href":"https:\/\/www.amicale-pompiers-anglet.org\/index.php?rest_route=%2Fwp%2Fv2%2Fmedia&parent=168"}],"wp:term":[{"taxonomy":"product_brand","embeddable":true,"href":"https:\/\/www.amicale-pompiers-anglet.org\/index.php?rest_route=%2Fwp%2Fv2%2Fproduct_brand&post=168"},{"taxonomy":"product_cat","embeddable":true,"href":"https:\/\/www.amicale-pompiers-anglet.org\/index.php?rest_route=%2Fwp%2Fv2%2Fproduct_cat&post=168"},{"taxonomy":"product_tag","embeddable":true,"href":"https:\/\/www.amicale-pompiers-anglet.org\/index.php?rest_route=%2Fwp%2Fv2%2Fproduct_tag&post=168"}],"curies":[{"name":"wp","href":"https:\/\/api.w.org\/{rel}","templated":true}]}}